{"id":199,"date":"2014-12-30T19:38:42","date_gmt":"2014-12-30T19:38:42","guid":{"rendered":"http:\/\/www.seiburg.de\/wp\/?page_id=199"},"modified":"2015-01-03T17:15:20","modified_gmt":"2015-01-03T17:15:20","slug":"impressum","status":"publish","type":"page","link":"http:\/\/www.seiburg.de\/?page_id=199","title":{"rendered":"Impressum"},"content":{"rendered":"<h2>Heimatgemeinde Seiburg<\/h2>\n<h3>Vorsitzender:<\/h3>\n<p>Hans Opatzki<\/p>\n<h3>Kontaktadresse<\/h3>\n<p>Thalhauser Weg 1<br \/>\n51674 Wiehl<br \/>\nTelefon (0 22 62) 69 00 22<br \/>\nWeb: www.seiburg.de<\/p>\n<h3>Verantwortlich f\u00fcr redaktionelle Inhalte:<\/h3>\n<p>Heimatgemeinde Seiburg<\/p>\n<h3>Informationsquellen<\/h3>\n<p>Die Inhalte der Webseite sind zum gr\u00f6\u00dften Teil Ausz\u00fcge aus dem Heimatbuch von Seiburg. Herausgeber des Heimatbuches ist Martin Guist. An dieser Stelle herzlichen Dank f\u00fcr die Erlaubnis diese hier publizieren zu d\u00fcrfen.<\/p>\n<h3>Copyright<\/h3>\n<p>Alle Rechte, insbesondere die elektronische kommerzielle Vervielf\u00e4ltigung, vorbehalten. Ohne schriftliche Genehmigung von Heimatgemeinde Seiburg ist es nicht gestattet, die Inhalte dieser Web-Site im Ganzen oder Teile daraus zu vervielf\u00e4ltigen.<\/p>\n<p><a href=\"http:\/\/www.disclaimer.de\/disclaimer.htm\">Haftungsausschluss<\/a><\/p>\n<p>\u00a9 Heimatgemeinde Seiburg,<\/p>\n<h3>Webseitengestaltung<\/h3>\n<p>Felix Ott, Heilsbronn (mit <a href=\"https:\/\/de.wordpress.com\/\">WordPress<\/a> &#8211; Theme &#8222;<a href=\"https:\/\/wordpress.org\/themes\/highwind\">Highwind<\/a>&#8222;)<\/p>\n","protected":false},"excerpt":{"rendered":"<p>Heimatgemeinde Seiburg Vorsitzender: Hans Opatzki Kontaktadresse Thalhauser Weg 1 51674 Wiehl Telefon (0 22 62) 69 00 22 Web: www.seiburg.de Verantwortlich f\u00fcr redaktionelle Inhalte: Heimatgemeinde Seiburg Informationsquellen Die Inhalte der Webseite sind zum gr\u00f6\u00dften Teil Ausz\u00fcge aus dem Heimatbuch von Seiburg. Herausgeber des Heimatbuches ist Martin Guist. An dieser Stelle herzlichen Dank f\u00fcr die Erlaubnis [&hellip;]<\/p>\n","protected":false},"author":1,"featured_media":0,"parent":0,"menu_order":0,"comment_status":"closed","ping_status":"closed","template":"templates\/template-fullwidth.php","meta":{"footnotes":""},"class_list":["post-199","page","type-page","status-publish","hentry"],"_links":{"self":[{"href":"http:\/\/www.seiburg.de\/index.php?rest_route=\/wp\/v2\/pages\/199","targetHints":{"allow":["GET"]}}],"collection":[{"href":"http:\/\/www.seiburg.de\/index.php?rest_route=\/wp\/v2\/pages"}],"about":[{"href":"http:\/\/www.seiburg.de\/index.php?rest_route=\/wp\/v2\/types\/page"}],"author":[{"embeddable":true,"href":"http:\/\/www.seiburg.de\/index.php?rest_route=\/wp\/v2\/users\/1"}],"replies":[{"embeddable":true,"href":"http:\/\/www.seiburg.de\/index.php?rest_route=%2Fwp%2Fv2%2Fcomments&post=199"}],"version-history":[{"count":10,"href":"http:\/\/www.seiburg.de\/index.php?rest_route=\/wp\/v2\/pages\/199\/revisions"}],"predecessor-version":[{"id":879,"href":"http:\/\/www.seiburg.de\/index.php?rest_route=\/wp\/v2\/pages\/199\/revisions\/879"}],"wp:attachment":[{"href":"http:\/\/www.seiburg.de\/index.php?rest_route=%2Fwp%2Fv2%2Fmedia&parent=199"}],"curies":[{"name":"wp","href":"https:\/\/api.w.org\/{rel}","templated":true}]}}