{"id":444,"date":"2014-12-31T16:25:03","date_gmt":"2014-12-31T16:25:03","guid":{"rendered":"http:\/\/www.seiburg.de\/wp\/?page_id=444"},"modified":"2014-12-31T16:36:43","modified_gmt":"2014-12-31T16:36:43","slug":"ortsname","status":"publish","type":"page","link":"http:\/\/www.seiburg.de\/?page_id=444","title":{"rendered":"Ortsname"},"content":{"rendered":"<p>Seiburg hei\u00dft auf s\u00e4chsisch <em>Seibrich<\/em>, madjarisch<em> Zsiberk<\/em>, rum\u00e4nisch <em>Jibert<\/em>. Woher der Name Seiburg kommt, wei\u00df man leider nicht genau. Der Historiker Andreas Scheiner bringt den Namen mit dem Wort &#8222;strahlend&#8220;, &#8222;gl\u00e4nzend&#8220; in Zusammenhang. Am ehesten k\u00f6nnte er aber mit der Hohen Syburg in Westfalen in Verbindung gebracht werden, meint der Wissenschaftler.<\/p>\n<p>Eine weitere Theorie geht davon aus, dass er sich von der \u00d6rtlichkeit herleitet. Das Dorf ist an einer Berglehne erbaut, an deren Ostseite sich ein feuchter Wiesengrund anschlie\u00dft, in Seiburg Seifen genannt. Eine Berglehne und ein niedriger Berg werden in der s\u00e4chsischen Mundart oft Bierig genannt. Es k\u00f6nnte somit aus Seifebierig, Seifebirg, Seibirg entstanden sein.<\/p>\n<p style=\"text-align: center;\"><a href=\"http:\/\/www.seiburg.de\/wp\/wp-content\/uploads\/2014\/12\/SeiburgTotalansichtAltePostkarte.jpg\"><img loading=\"lazy\" decoding=\"async\" class=\" size-full wp-image-387 aligncenter\" src=\"http:\/\/www.seiburg.de\/wp\/wp-content\/uploads\/2014\/12\/SeiburgTotalansichtAltePostkarte.jpg\" alt=\"SeiburgTotalansichtAltePostkarte\" width=\"559\" height=\"265\" srcset=\"http:\/\/www.seiburg.de\/wp\/wp-content\/uploads\/2014\/12\/SeiburgTotalansichtAltePostkarte.jpg 559w, http:\/\/www.seiburg.de\/wp\/wp-content\/uploads\/2014\/12\/SeiburgTotalansichtAltePostkarte-300x142.jpg 300w\" sizes=\"auto, (max-width: 559px) 100vw, 559px\" \/><\/a><\/p>\n<p style=\"text-align: center;\"><span style=\"color: #53a1b8;\"><em>Totalansicht Seiburg auf einer alten Postkarte<\/em><\/span><\/p>\n<p>Zur Zeit der V\u00f6lkerwanderung zogen die Westgoten und sp\u00e4ter die Slawen durch das Gebiet um Seiburg. Der slawische Name des Ortes beweist letzteres. Von\u00a0<i>Jiberc<\/i>\u00a0wird wahrscheinlich die rum\u00e4nische Benennung\u00a0<i>Jibert<\/i>\u00a0abgeleitet.<\/p>\n<p>Der Ortsname wurde immer wieder anders geschrieben und gesprochen:<\/p>\n<p style=\"text-align: center;\">Sibercensis (1289)<br \/>\nSybeerg\u00a0(1345)<br \/>\nSyberg (1400)<br \/>\nSyburg\u00a0(1414)<br \/>\nSybryk\u00a0(1486)<br \/>\nSibrich\u00a0(1488)<br \/>\nSybery\u00a0(1532)<br \/>\nSybrig\u00a0(1532)<br \/>\nSeybrik\u00a0(1555)<br \/>\nSybrich\u00a0(1557)<br \/>\nSyberg\u00a0(1640)<br \/>\nSibarcum\u00a0(1676)<br \/>\nZsibort\u00a0(1750)<\/p>\n<p style=\"text-align: left;\">1732 werden die Bewohner von Seiburg\u00a0<em>Seiberger<\/em>\u00a0genannt.<\/p>\n","protected":false},"excerpt":{"rendered":"<p>Seiburg hei\u00dft auf s\u00e4chsisch Seibrich, madjarisch Zsiberk, rum\u00e4nisch Jibert. Woher der Name Seiburg kommt, wei\u00df man leider nicht genau. Der Historiker Andreas Scheiner bringt den Namen mit dem Wort &#8222;strahlend&#8220;, &#8222;gl\u00e4nzend&#8220; in Zusammenhang. Am ehesten k\u00f6nnte er aber mit der Hohen Syburg in Westfalen in Verbindung gebracht werden, meint der Wissenschaftler. Eine weitere Theorie geht [&hellip;]<\/p>\n","protected":false},"author":1,"featured_media":0,"parent":0,"menu_order":0,"comment_status":"closed","ping_status":"closed","template":"templates\/template-fullwidth.php","meta":{"footnotes":""},"class_list":["post-444","page","type-page","status-publish","hentry"],"_links":{"self":[{"href":"http:\/\/www.seiburg.de\/index.php?rest_route=\/wp\/v2\/pages\/444","targetHints":{"allow":["GET"]}}],"collection":[{"href":"http:\/\/www.seiburg.de\/index.php?rest_route=\/wp\/v2\/pages"}],"about":[{"href":"http:\/\/www.seiburg.de\/index.php?rest_route=\/wp\/v2\/types\/page"}],"author":[{"embeddable":true,"href":"http:\/\/www.seiburg.de\/index.php?rest_route=\/wp\/v2\/users\/1"}],"replies":[{"embeddable":true,"href":"http:\/\/www.seiburg.de\/index.php?rest_route=%2Fwp%2Fv2%2Fcomments&post=444"}],"version-history":[{"count":11,"href":"http:\/\/www.seiburg.de\/index.php?rest_route=\/wp\/v2\/pages\/444\/revisions"}],"predecessor-version":[{"id":456,"href":"http:\/\/www.seiburg.de\/index.php?rest_route=\/wp\/v2\/pages\/444\/revisions\/456"}],"wp:attachment":[{"href":"http:\/\/www.seiburg.de\/index.php?rest_route=%2Fwp%2Fv2%2Fmedia&parent=444"}],"curies":[{"name":"wp","href":"https:\/\/api.w.org\/{rel}","templated":true}]}}