{"id":484,"date":"2014-12-31T17:16:13","date_gmt":"2014-12-31T17:16:13","guid":{"rendered":"http:\/\/www.seiburg.de\/wp\/?page_id=484"},"modified":"2015-01-01T11:22:01","modified_gmt":"2015-01-01T11:22:01","slug":"haus-und-hof","status":"publish","type":"page","link":"https:\/\/www.seiburg.de\/?page_id=484","title":{"rendered":"Haus und Hof"},"content":{"rendered":"<p>Das Haus steht immer an der Stra\u00dfenfront, die Fenster \u00f6ffnen sich zur Stra\u00dfe hin. Die H\u00e4user in Seiburg haben meist nur zwei Zimmer: eine Wohnk\u00fcche und eine Schlafstube.<\/p>\n<p><a href=\"http:\/\/www.seiburg.de\/wp\/wp-content\/uploads\/2014\/12\/SeiburgBauernhof.jpg\"><img loading=\"lazy\" decoding=\"async\" class=\"  wp-image-378 aligncenter\" src=\"http:\/\/www.seiburg.de\/wp\/wp-content\/uploads\/2014\/12\/SeiburgBauernhof.jpg\" alt=\"SeiburgBauernhof\" width=\"830\" height=\"487\" srcset=\"https:\/\/www.seiburg.de\/wp\/wp-content\/uploads\/2014\/12\/SeiburgBauernhof.jpg 1649w, https:\/\/www.seiburg.de\/wp\/wp-content\/uploads\/2014\/12\/SeiburgBauernhof-300x176.jpg 300w, https:\/\/www.seiburg.de\/wp\/wp-content\/uploads\/2014\/12\/SeiburgBauernhof-1024x600.jpg 1024w\" sizes=\"auto, (max-width: 830px) 100vw, 830px\" \/><\/a><\/p>\n<p style=\"text-align: center;\"><span style=\"color: #53a1b8;\">Stra\u00dfenansicht eines s\u00e4chsischen Bauernhofes in Seiburg<\/span><\/p>\n<p>Anschlie\u00dfend an das Wohnhaus stand die etwas niedrigere Sommerk\u00fcche mit dem Backofen. An die Sommerk\u00fcche reihten sich die Schuppen und die Viehst\u00e4lle. Ein Teil der Schuppen war mit Brettern verschlagen oder zugemauert und diente dann als Getreidekammer. An die Viehst\u00e4lle grenzte die Scheune, wo das Vorratsfutter f\u00fcr die Tiere untergebracht war. Meistens gab es einen kleinen Genm\u00fcsegarten oder einen gr\u00f6\u00dferen Garten, in dem man Kraut, Erd\u00e4pfel und Gem\u00fcse anbaute.<\/p>\n<p>Jeder Hof hatt noch einen zus\u00e4tzlichen Hausnamen (z.B. der Seimnen af dem Barich).<\/p>\n<p>&nbsp;<\/p>\n","protected":false},"excerpt":{"rendered":"<p>Das Haus steht immer an der Stra\u00dfenfront, die Fenster \u00f6ffnen sich zur Stra\u00dfe hin. Die H\u00e4user in Seiburg haben meist nur zwei Zimmer: eine Wohnk\u00fcche und eine Schlafstube. Stra\u00dfenansicht eines s\u00e4chsischen Bauernhofes in Seiburg Anschlie\u00dfend an das Wohnhaus stand die etwas niedrigere Sommerk\u00fcche mit dem Backofen. An die Sommerk\u00fcche reihten sich die Schuppen und die [&hellip;]<\/p>\n","protected":false},"author":1,"featured_media":0,"parent":0,"menu_order":0,"comment_status":"closed","ping_status":"closed","template":"templates\/template-fullwidth.php","meta":{"footnotes":""},"class_list":["post-484","page","type-page","status-publish","hentry"],"_links":{"self":[{"href":"https:\/\/www.seiburg.de\/index.php?rest_route=\/wp\/v2\/pages\/484","targetHints":{"allow":["GET"]}}],"collection":[{"href":"https:\/\/www.seiburg.de\/index.php?rest_route=\/wp\/v2\/pages"}],"about":[{"href":"https:\/\/www.seiburg.de\/index.php?rest_route=\/wp\/v2\/types\/page"}],"author":[{"embeddable":true,"href":"https:\/\/www.seiburg.de\/index.php?rest_route=\/wp\/v2\/users\/1"}],"replies":[{"embeddable":true,"href":"https:\/\/www.seiburg.de\/index.php?rest_route=%2Fwp%2Fv2%2Fcomments&post=484"}],"version-history":[{"count":1,"href":"https:\/\/www.seiburg.de\/index.php?rest_route=\/wp\/v2\/pages\/484\/revisions"}],"predecessor-version":[{"id":485,"href":"https:\/\/www.seiburg.de\/index.php?rest_route=\/wp\/v2\/pages\/484\/revisions\/485"}],"wp:attachment":[{"href":"https:\/\/www.seiburg.de\/index.php?rest_route=%2Fwp%2Fv2%2Fmedia&parent=484"}],"curies":[{"name":"wp","href":"https:\/\/api.w.org\/{rel}","templated":true}]}}